t u(v) = -8*v**2 + 7*v + 81. Let d be u(-3). Let x(b) = 6*b + 6. Calculate x(d).
-66
Let v(h) be the first derivative of -h**3/3 + 9*h**2/2 - 3*h - 3. Let u(a) = -a**3 + 135 - 13*a + 140 - 282 - 7*a**2. Let i be u(-5). Calculate v(i).
5
Let l(t) = -1 + 32*t**2 + 13 - 33*t**2 - 2 + 4*t + 2. Calculate l(-5).
-33
Suppose d - 3*l = 8, 5*d = d + 4*l + 32. Let y be (-9*1/(-12))/(12/32). Let j(s) = -8 - 11*s**y + 12*s**2 - 5*s - s. Determine j(d).
8
Let n(f) be the second derivative of -f**4/12 - 11*f**3/3 + 19*f**2/2 - 227*f. Give n(-18).
91
Suppose 7*y - 2*y - 20 = 0. Let t(l) = -2*l**3 + 1 + 51*l**2 + 0*l - 46*l**2 + l**3 - y*l. Determine t(3).
7
Let r(w) = 29*w + 17. Let m be r(7). Suppose -m = -5*z - 0*z. Suppose y - z = 12*y. Let d(n) = 3*n + 3. What is d(y)?
-9
Let m = -4 - -2. Let y(q) be the first derivative of -1/2*q**2 + 149 + 1/3*q**3 - q. What is y(m)?
5
Let a(s) be the second derivative of -5*s**4/6 - s**2/2 + s. Let d(c) = 70*c - 209. Let z be d(3). What is a(z)?
-11
Let g(z) = -z**2 - 8*z - 5. Let r be g(-7). Let x(w) = 4*w**2 - 5 - 5*w - 5*w**r - 2*w. Let t be 80/(-24) + -3 - 4/6. Determine x(t).
-5
Let w(q) = q**2 - 1. Let o(z) = -3*z**2 - 6*z**2 - 6 - z**2 + 9*z**2 - z. Let b(r) = o(r) - 5*w(r). Suppose -4*d - 11 = -7. What is b(d)?
-6
Let a(g) be the first derivative of -g**2 + 2*g + 503. Give a(-7).
16
Let m(t) = 17*t**3 - t**2 - t + 1. Let h(u) = u**3 + 8*u**2 + 6*u - 2. Let k be h(-7). Let d be 2/(k - 1 - 2). Give m(d).
16
Let k(s) = -19*s**2 + 15*s - 28. Let x(p) = 11*p**2 - 8*p + 15. Let w(c) = -4*k(c) - 7*x(c). Calculate w(-4).
7
Let b(s) = s - 24. Let u(k) be the second derivative of -11*k**2/2 + 4907*k. Suppose 3*i + 0 + 18 = 0. Let o(r) = i*b(r) + 13*u(r). Determine o(1).
-5
Let v(d) be the third derivative of d**6/120 - d**5/5 - d**4/24 + 29*d**3/6 - 40*d**2 + 16. Give v(12).
17
Let g(p) = 2*p**3 - 2*p**2 + 8*p - 6. Let l be -14 - (-3 + -10) - -2. Determine g(l).
2
Suppose 4*l = -5*f + 6, -26 = 2*l + 5*f - 44. Let u(a) = -a**3 - 7*a**2 - 8*a - 6. Determine u(l).
6
Let z(w) = 11*w**3 + 12*w**2 - w + 3. Let v(a) = -2*a**3 - a**2 + 1. Let i(j) = 5*v(j) + z(j). Let c be (-9)/(-6) + (-34)/4. What is i(c)?
15
Let k(w) be the first derivative of w**2/2 - 5*w - 27384. Suppose -5*j = -2*m + 20, -5*j = -m + 11 - 1. Determine k(m).
5
Let o(r) = -r**2 - 2*r - 3. Let f = -66 + 55. Let y(m) = 2*m + 22. Let b be y(f). Suppose b = -5*n - 32 + 17. Determine o(n).
-6
Let v(n) = 3*n - 41. Let q be v(14). Let r(b) = 29*b**2 + q + 24*b**3 - 13*b**2 - 18*b**2. What is r(-1)?
-25
Let d(q) = q**2 - 7. Let l(k) = 6*k + 40. Let f be l(0). Suppose -f = 6*i - 22. What is d(i)?
2
Suppose k = -0*k + 2. Let l(f) = 99214 + 8*f - 99212 - 14*f - 11*f. What is l(k)?
-32
Suppose 3*r - 2*n + 15 = 0, -250 = -r + 3*n - 241. Let p(h) = 13*h + 36. Let l(j) = -6*j - 18. Let u(m) = -9*l(m) - 4*p(m). Determine u(r).
0
Let t(g) = 4*g - 39. Let b be t(12). Let s be b/6*(3 - 1). Let n(y) = 2*y**2 - y - 4. What is n(s)?
11
Let f(y) = 4*y**3 - 14 - 20 + 3*y**2 - 7*y + 33 + 5*y**2. Let m(s) = -5*s**3 - 9*s**2 + 8*s + 2. Let j(a) = 4*f(a) + 3*m(a). Let q = -351 + 345. What is j(q)?
-10
Let j(l) = -l**3 - 10*l**2 - 9*l + 5. Let m be j(-9). Let i(n) = m*n + 3 + 0*n + n + 2*n - n**2. Calculate i(7).
10
Let h(y) = y - 6. Let w be h(10). Let x(f) = 2*f**2 - 8*f - 10. Let z(q) = 3*q**2 - 6*q - 11. Let g(p) = w*x(p) - 3*z(p). What is g(-13)?
6
Let b = 136264 + -136262. Let l(z) = -z**2 + 0*z**2 + 3*z - 4*z**3 + 3*z**3. Calculate l(b).
-6
Let r = -54 - -60. Suppose 10*c - 132 = r*c. Let m = -31 + c. Let s(g) = -2*g - 2. What is s(m)?
-6
Let t(w) = -w + 14. Let p be t(10). Suppose -3*z + 3*h + 3 = 0, 7*z + 4*h - 31 = 4*z. Let d(n) = -2*n**2 + z + p*n - 7*n**2 + 10*n**2. What is d(-5)?
10
Let q(d) = -69*d**2 + 48*d + 161. Let z(g) = -43*g**2 + 32*g + 107. Let r(w) = -5*q(w) + 8*z(w). Determine r(-6).
-9
Let h(w) = -4*w - 4*w - 75 + 19 + 27 + 16*w. Determine h(18).
115
Let d(l) = -37*l - 41. Let m(o) = 36*o + 35. Let y(h) = 6*d(h) + 7*m(h). What is y(1)?
29
Let n(g) be the second derivative of -7*g**3/3 + 51*g**2 + 22*g - 2. Let x be n(7). Let r(l) = l**3 - l**2 - l - 2. Determine r(x).
42
Let o(m) = m**3 + m - 1. Suppose -1710*j - 3 = -1713*j. Let k(a) = 6*a**3 - 2*a**2 + 5*a - 3. Let h(i) = j*k(i) - 4*o(i). Calculate h(3).
40
Let o(s) be the second derivative of -s**3/3 + 5*s**2/2 + s. Let h(k) = 259*k - 21. Let p be h(1). Suppose -16*y - 18*y = -p. Determine o(y).
-9
Let p(w) be the third derivative of -11*w**4/24 + 15*w**3 - 15*w**2 + w + 39. Calculate p(8).
2
Let j(w) be the first derivative of -w**6/120 + w**5/30 - 2*w**3/3 + 19*w**2/2 - 34. Let f(u) be the second derivative of j(u). What is f(3)?
-13
Let t = -73 - -77. Suppose 13 = 2*z + 3*m, -z - 1 = t*m - 5*m. Let q(s) = -2*s - 2*s**3 - 70 + 4*s**z + 69 + s**3. Give q(3).
2
Suppose 0 = 15*m + 4 + 2 - 6. Let t(z) = -z**3 + z**2 + z - 12. Determine t(m).
-12
Let q(z) be the second derivative of -7*z**3/6 + 71*z**2/2 - 1410*z. Give q(16).
-41
Let n(o) = 21 + 65255*o - 130532*o + 65260*o - o**3 - 20*o**2. Give n(-19).
-17
Suppose -3*a - 3*t - 2 = -17, -a = 2*t - 9. Let w(m) = -m**3 - 1 + 6*m**2 - a + 0 - 3*m. Suppose -491*c + 484*c = -35. Determine w(c).
8
Let l(a) = -a**2 + 18*a + 94. Suppose 15*y - 14*y + 4*i + 8 = 0, 4*y + 5*i = -21. Give l(y).
6
Let m(p) = -256*p - 1271. Let a be m(-5). Let k(v) be the first derivative of 1/2*v**2 - 17/3*v**3 + a + v. What is k(-1)?
-17
Let m(q) = 0*q**2 + 6*q + 4*q - 13 - q**2. Let d = 3825 + -3816. What is m(d)?
-4
Let a(d) = 2*d**2 - 2*d + 2. Suppose p = -294 - 40. Let u = p - -337. What is a(u)?
14
Let d(i) be the second derivative of i**5/20 + 13*i**4/12 - 13*i**3/6 + 15*i**2/2 + 3*i. Let o be 14508/(-1053) - 2/9. What is d(o)?
1
Let p(v) = v**3 + v**2 + v. Let h(t) = 2*t**3 - 4*t**2 + 2*t + 2. Let s(m) = -3 + 7 + 2*m - 3. Let x be s(0). Let u(a) = x*p(a) - h(a). Determine u(4).
10
Suppose q + 3 - 1 = -y, -5*q - 13 = 4*y. Suppose 0 = l + y*l - 12. Let c(r) = -r + 559. Let s(b) = -b - 1117. Let n(v) = 2*c(v) + s(v). Give n(l).
-8
Let f(z) = 2*z**2 + 14*z - 8. Let s be f(3). Suppose -s + 12 = 4*c. Let k(y) = -y**3 - 10*y**2 + 13. Give k(c).
13
Let c(s) = 30340*s - 30346*s + 28 - 124. Give c(-16).
0
Suppose 4*s + 3*k + 19 + 4 = 0, 25 = -2*s - 3*k. Let a(l) = -26*l**3 + 3*l**2 - 6*l + 5. Give a(s).
-24
Suppose -3*d + 7*d - 76 = -x, 4*d - 68 = -3*x. Let i be (d/4 - 3)/(4/(-6)). Let o(k) = k**2 + 4*k - 3. Give o(i).
-6
Suppose 149*d + 2241 = 2837. Let a(s) = s + 4. Let m(k) = k**2 + 1. Let r(w) = -a(w) + m(w). Give r(d).
9
Let i(t) = -36514521 - 3*t - t**2 + 3*t**2 + 36514519. Let s be (-3)/(13/(-10) + 1). Suppose 4*r - 2*l + s = 0, -3*r + 5 = -7*r - 3*l. Calculate i(r).
12
Let x = 8 + -4. Let r(f) be the third derivative of f**6/120 - f**5/10 + f**4/3 - f**3/3 - 31*f**2 - 9. Determine r(x).
-2
Let h be (-44)/(-6) + -7 - (-10)/6. Suppose 40 = -h*q + 38. Let m(t) = 5*t**3 - 2*t - 1. What is m(q)?
-4
Let q(g) = g - 3*g**2 + 3 + 0 + 4 - 5 + 0. Give q(-2).
-12
Let z(d) = d**3 + 11*d**2 + 12*d + 15. Let q(j) = -j**2 + 3721. Let s be q(-61). Let y = -116 - -196. Suppose s = -p + 9*p + y. Give z(p).
-5
Suppose 5*w = -5*t + 15, -6 = 5*t + 4. Let c(h) be the third derivative of h**6/120 - h**5/12 + h**4/24 + h**3/6 + 10*h**2. Give c(w).
6
Let w(g) = -g**3 - 24*g**2 + 2*g + 50. Suppose 0 = -l - 4*p - 40, -2*p + 3 = -4*l - 85. Give w(l).
2
Let y(w) be the second derivative of -w**5/20 + 3*w**4/4 - 13*w**3/3 + 42*w**2 - 1070*w. Give y(7).
0
Let x(k) be the third derivative of k**6/120 + k**5/6 - 11*k**3/6 + k**2 + k - 3780. Let l be -10 + (2 - 2)/(-2). Calculate x(l).
-11
Let i(t) = -7*t**3 - 22*t**2 - 11*t + 20. Let p(z) = 12*z**3 + 40*z**2 + 23*z - 38. Let w(k) = 5*i(k) + 3*p(k). What is w(-6)?
46
Let g(n) be the first derivative of -n**2 + 9*n + 1. Let y be 6 + (14 - 10) - 3. Give g(y).
-5
Let q(s) = -3*s**3 + 34*s**2 - 30*s + 220. Let z be q(11). Let v(l) = -l**2 + 11*l + 11. Calculate v(z).
11
Let n(v) = -7*v + 27. Suppose 13*q - 16*q + 4*z = -20, z - 41 = -5*q. Determine n(q).
-29
Let g be (32 - 32)/(0 - 1). Suppose 0 = r + 2*r. Let j(z) = -4 + 6 + r*z**2 + 1 + z**3 + z**2. Give j(g).
3
Let c(s) = 5*s - 5*s**2 + s**3 + 2*s**2 + 6 - 4*s + 9*s**2. Suppose 4*d - 26 + 6 = 0. Suppose 34 = -d*r - 